{"id":804,"date":"2020-04-13T11:18:52","date_gmt":"2020-04-13T14:18:52","guid":{"rendered":"http:\/\/celestino.adv.br\/index.php\/about\/"},"modified":"2023-12-18T15:44:39","modified_gmt":"2023-12-18T18:44:39","slug":"advogados","status":"publish","type":"page","link":"https:\/\/celestino.adv.br\/index.php\/advogados\/","title":{"rendered":"Advogados"},"content":{"rendered":"\t\t<div data-elementor-type=\"wp-page\" data-elementor-id=\"804\" class=\"elementor elementor-804\">\n\t\t\t\t\t\t\t\t\t<section class=\"elementor-section elementor-top-section elementor-element elementor-element-5131a13e elementor-section-boxed elementor-section-height-default elementor-section-height-default\" data-id=\"5131a13e\" data-element_type=\"section\" data-settings=\"{&quot;background_background&quot;:&quot;gradient&quot;}\">\n\t\t\t\t\t\t\t<div class=\"elementor-background-overlay\"><\/div>\n\t\t\t\t\t\t\t<div class=\"elementor-container elementor-column-gap-default\">\n\t\t\t\t\t<div class=\"elementor-column elementor-col-100 elementor-top-column elementor-element elementor-element-1053ca7a\" data-id=\"1053ca7a\" data-element_type=\"column\">\n\t\t\t<div class=\"elementor-widget-wrap elementor-element-populated\">\n\t\t\t\t\t\t\t\t<div class=\"elementor-element elementor-element-3d99e122 elementor-widget elementor-widget-heading\" data-id=\"3d99e122\" data-element_type=\"widget\" data-widget_type=\"heading.default\">\n\t\t\t\t<div class=\"elementor-widget-container\">\n\t\t\t<h1 class=\"elementor-heading-title elementor-size-default\">Equipe<\/h1>\t\t<\/div>\n\t\t\t\t<\/div>\n\t\t\t\t\t<\/div>\n\t\t<\/div>\n\t\t\t\t\t\t\t<\/div>\n\t\t<\/section>\n\t\t\t\t<section class=\"elementor-section elementor-top-section elementor-element elementor-element-1c46d0b elementor-section-boxed elementor-section-height-default elementor-section-height-default\" data-id=\"1c46d0b\" data-element_type=\"section\">\n\t\t\t\t\t\t<div class=\"elementor-container elementor-column-gap-default\">\n\t\t\t\t\t<div class=\"elementor-column elementor-col-100 elementor-top-column elementor-element elementor-element-53628ae\" data-id=\"53628ae\" data-element_type=\"column\">\n\t\t\t<div class=\"elementor-widget-wrap elementor-element-populated\">\n\t\t\t\t\t\t\t\t<div class=\"elementor-element elementor-element-5b198a2 elementor-widget elementor-widget-spacer\" data-id=\"5b198a2\" data-element_type=\"widget\" data-widget_type=\"spacer.default\">\n\t\t\t\t<div class=\"elementor-widget-container\">\n\t\t\t\t\t<div class=\"elementor-spacer\">\n\t\t\t<div class=\"elementor-spacer-inner\"><\/div>\n\t\t<\/div>\n\t\t\t\t<\/div>\n\t\t\t\t<\/div>\n\t\t\t\t\t<\/div>\n\t\t<\/div>\n\t\t\t\t\t\t\t<\/div>\n\t\t<\/section>\n\t\t\t\t<section class=\"elementor-section elementor-top-section elementor-element elementor-element-cb78d3c elementor-section-boxed elementor-section-height-default elementor-section-height-default\" data-id=\"cb78d3c\" data-element_type=\"section\">\n\t\t\t\t\t\t<div class=\"elementor-container elementor-column-gap-default\">\n\t\t\t\t\t<div class=\"elementor-column elementor-col-50 elementor-top-column elementor-element elementor-element-1b324a9\" data-id=\"1b324a9\" data-element_type=\"column\">\n\t\t\t<div class=\"elementor-widget-wrap elementor-element-populated\">\n\t\t\t\t\t\t\t\t<div class=\"elementor-element elementor-element-c835796 elementor-widget elementor-widget-image\" data-id=\"c835796\" data-element_type=\"widget\" data-widget_type=\"image.default\">\n\t\t\t\t<div class=\"elementor-widget-container\">\n\t\t\t\t\t\t\t\t\t\t\t\t\t\t\t<img width=\"188\" height=\"300\" src=\"https:\/\/celestino.adv.br\/wp-content\/uploads\/2021\/04\/Marconne.v2-188x300.jpeg\" class=\"attachment-medium size-medium\" alt=\"\" loading=\"lazy\" srcset=\"https:\/\/celestino.adv.br\/wp-content\/uploads\/2021\/04\/Marconne.v2-188x300.jpeg 188w, https:\/\/celestino.adv.br\/wp-content\/uploads\/2021\/04\/Marconne.v2-640x1024.jpeg 640w, https:\/\/celestino.adv.br\/wp-content\/uploads\/2021\/04\/Marconne.v2-768x1229.jpeg 768w, https:\/\/celestino.adv.br\/wp-content\/uploads\/2021\/04\/Marconne.v2-960x1536.jpeg 960w, https:\/\/celestino.adv.br\/wp-content\/uploads\/2021\/04\/Marconne.v2.jpeg 1125w\" sizes=\"(max-width: 188px) 100vw, 188px\" \/>\t\t\t\t\t\t\t\t\t\t\t\t\t\t\t<\/div>\n\t\t\t\t<\/div>\n\t\t\t\t\t<\/div>\n\t\t<\/div>\n\t\t\t\t<div class=\"elementor-column elementor-col-50 elementor-top-column elementor-element elementor-element-b48390c\" data-id=\"b48390c\" data-element_type=\"column\">\n\t\t\t<div class=\"elementor-widget-wrap elementor-element-populated\">\n\t\t\t\t\t\t\t\t<div class=\"elementor-element elementor-element-d007c15 elementor-widget elementor-widget-heading\" data-id=\"d007c15\" data-element_type=\"widget\" data-widget_type=\"heading.default\">\n\t\t\t\t<div class=\"elementor-widget-container\">\n\t\t\t<h2 class=\"elementor-heading-title elementor-size-default\">Dr. Marconne Celestino (S\u00f3cio)<\/h2>\t\t<\/div>\n\t\t\t\t<\/div>\n\t\t\t\t<div class=\"elementor-element elementor-element-8cfabfd elementor-widget elementor-widget-text-editor\" data-id=\"8cfabfd\" data-element_type=\"widget\" data-widget_type=\"text-editor.default\">\n\t\t\t\t<div class=\"elementor-widget-container\">\n\t\t\t\t\t\t\t<p>Advogado especialista em concursos p\u00fablicos distritais, estaduais e municipais. P\u00f3s-graduado em Direito Civil e Processo Civil pela Faculdade Atame. Membro da Comiss\u00e3o de Fiscaliza\u00e7\u00e3o de Concursos P\u00fablicos e da Comiss\u00e3o de Sele\u00e7\u00e3o, ambas da OAB\/DF. Servidor p\u00fablico federal, exercendo a fun\u00e7\u00e3o de Chefe de Servi\u00e7o de Preven\u00e7\u00e3o e Instru\u00e7\u00e3o Pr\u00e9via da Corregedoria do Minist\u00e9rio da Infraestrutura.<\/p>\t\t\t\t\t\t<\/div>\n\t\t\t\t<\/div>\n\t\t\t\t\t<\/div>\n\t\t<\/div>\n\t\t\t\t\t\t\t<\/div>\n\t\t<\/section>\n\t\t\t\t<section class=\"elementor-section elementor-top-section elementor-element elementor-element-a0efd7d elementor-section-boxed elementor-section-height-default elementor-section-height-default\" data-id=\"a0efd7d\" data-element_type=\"section\">\n\t\t\t\t\t\t<div class=\"elementor-container elementor-column-gap-default\">\n\t\t\t\t\t<div class=\"elementor-column elementor-col-50 elementor-top-column elementor-element elementor-element-6068786\" data-id=\"6068786\" data-element_type=\"column\">\n\t\t\t<div class=\"elementor-widget-wrap elementor-element-populated\">\n\t\t\t\t\t\t\t\t<div class=\"elementor-element elementor-element-2557d43 elementor-widget elementor-widget-image\" data-id=\"2557d43\" data-element_type=\"widget\" data-widget_type=\"image.default\">\n\t\t\t\t<div class=\"elementor-widget-container\">\n\t\t\t\t\t\t\t\t\t\t\t\t\t\t\t\t<a href=\"http:\/\/celestino.adv.br\/index.php\/dra-thatianna-celestino\/\">\n\t\t\t\t\t\t\t<img width=\"188\" height=\"300\" src=\"https:\/\/celestino.adv.br\/wp-content\/uploads\/2021\/04\/Thatianna.v2-188x300.jpg\" class=\"attachment-medium size-medium\" alt=\"\" loading=\"lazy\" srcset=\"https:\/\/celestino.adv.br\/wp-content\/uploads\/2021\/04\/Thatianna.v2-188x300.jpg 188w, https:\/\/celestino.adv.br\/wp-content\/uploads\/2021\/04\/Thatianna.v2-640x1024.jpg 640w, https:\/\/celestino.adv.br\/wp-content\/uploads\/2021\/04\/Thatianna.v2-768x1229.jpg 768w, https:\/\/celestino.adv.br\/wp-content\/uploads\/2021\/04\/Thatianna.v2.jpg 800w\" sizes=\"(max-width: 188px) 100vw, 188px\" \/>\t\t\t\t\t\t\t\t<\/a>\n\t\t\t\t\t\t\t\t\t\t\t\t\t\t\t<\/div>\n\t\t\t\t<\/div>\n\t\t\t\t\t<\/div>\n\t\t<\/div>\n\t\t\t\t<div class=\"elementor-column elementor-col-50 elementor-top-column elementor-element elementor-element-c3d2380\" data-id=\"c3d2380\" data-element_type=\"column\">\n\t\t\t<div class=\"elementor-widget-wrap elementor-element-populated\">\n\t\t\t\t\t\t\t\t<div class=\"elementor-element elementor-element-27086ae elementor-widget elementor-widget-heading\" data-id=\"27086ae\" data-element_type=\"widget\" data-widget_type=\"heading.default\">\n\t\t\t\t<div class=\"elementor-widget-container\">\n\t\t\t<h2 class=\"elementor-heading-title elementor-size-default\">Dra. Thatianna Celestino (S\u00f3cia)<\/h2>\t\t<\/div>\n\t\t\t\t<\/div>\n\t\t\t\t<div class=\"elementor-element elementor-element-e79e4e7 elementor-widget elementor-widget-text-editor\" data-id=\"e79e4e7\" data-element_type=\"widget\" data-widget_type=\"text-editor.default\">\n\t\t\t\t<div class=\"elementor-widget-container\">\n\t\t\t\t\t\t\t<p>Advogada previdenci\u00e1ria, especialista em c\u00e1lculos e planejamento previdenci\u00e1rio. Certifica\u00e7\u00e3o em Planejamento Previdenci\u00e1rio. Curso Comunidade do Entenda Seu Direito sobre temas do Direito Material, Direito Processual, Neg\u00f3cios, Marketing e Gest\u00e3o e Certifica\u00e7\u00e3o do Zero ao Melhor Benef\u00edcio. Membro da Comiss\u00e3o da Advocacia Jovem e Iniciante da OAB\/DF.<\/p>\t\t\t\t\t\t<\/div>\n\t\t\t\t<\/div>\n\t\t\t\t\t<\/div>\n\t\t<\/div>\n\t\t\t\t\t\t\t<\/div>\n\t\t<\/section>\n\t\t\t\t<section class=\"elementor-section elementor-top-section elementor-element elementor-element-3a891b0 elementor-section-boxed elementor-section-height-default elementor-section-height-default\" data-id=\"3a891b0\" data-element_type=\"section\">\n\t\t\t\t\t\t<div class=\"elementor-container elementor-column-gap-default\">\n\t\t\t\t\t<div class=\"elementor-column elementor-col-50 elementor-top-column elementor-element elementor-element-165d219\" data-id=\"165d219\" data-element_type=\"column\">\n\t\t\t<div class=\"elementor-widget-wrap elementor-element-populated\">\n\t\t\t\t\t\t\t\t\t<\/div>\n\t\t<\/div>\n\t\t\t\t<div class=\"elementor-column elementor-col-50 elementor-top-column elementor-element elementor-element-3eb82ac\" data-id=\"3eb82ac\" data-element_type=\"column\">\n\t\t\t<div class=\"elementor-widget-wrap elementor-element-populated\">\n\t\t\t\t\t\t\t\t<div class=\"elementor-element elementor-element-59d6085 elementor-widget elementor-widget-heading\" data-id=\"59d6085\" data-element_type=\"widget\" data-widget_type=\"heading.default\">\n\t\t\t\t<div class=\"elementor-widget-container\">\n\t\t\t<h2 class=\"elementor-heading-title elementor-size-default\">Dr. Anderson Costa (Co-branding)<\/h2>\t\t<\/div>\n\t\t\t\t<\/div>\n\t\t\t\t<div class=\"elementor-element elementor-element-65aae20 elementor-widget elementor-widget-text-editor\" data-id=\"65aae20\" data-element_type=\"widget\" data-widget_type=\"text-editor.default\">\n\t\t\t\t<div class=\"elementor-widget-container\">\n\t\t\t\t\t\t\t<p>Advogado especialista na \u00e1rea criminal. Mestre em educa\u00e7\u00e3o. Professor universit\u00e1rio de Direito Penal e Processo Penal, e em diversos cursos preparat\u00f3rios para o exame da OAB e para concursos p\u00fablicos.<\/p>\t\t\t\t\t\t<\/div>\n\t\t\t\t<\/div>\n\t\t\t\t\t<\/div>\n\t\t<\/div>\n\t\t\t\t\t\t\t<\/div>\n\t\t<\/section>\n\t\t\t\t\t\t\t<\/div>\n\t\t","protected":false},"excerpt":{"rendered":"<p>Equipe Dr. Marconne Celestino (S\u00f3cio) Advogado especialista em concursos p\u00fablicos distritais, estaduais e municipais. P\u00f3s-graduado em Direito Civil e Processo Civil pela Faculdade Atame. Membro da Comiss\u00e3o de Fiscaliza\u00e7\u00e3o de Concursos P\u00fablicos e da Comiss\u00e3o de Sele\u00e7\u00e3o, ambas da OAB\/DF. Servidor p\u00fablico federal, exercendo a fun\u00e7\u00e3o de Chefe de Servi\u00e7o de Preven\u00e7\u00e3o e Instru\u00e7\u00e3o Pr\u00e9via &hellip;<\/p>\n<p class=\"read-more\"> <a class=\"\" href=\"https:\/\/celestino.adv.br\/index.php\/advogados\/\"> <span class=\"screen-reader-text\">Advogados<\/span> Leia mais &raquo;<\/a><\/p>\n","protected":false},"author":1,"featured_media":0,"parent":0,"menu_order":0,"comment_status":"closed","ping_status":"closed","template":"","meta":{"site-sidebar-layout":"no-sidebar","site-content-layout":"page-builder","ast-global-header-display":"","ast-main-header-display":"","ast-hfb-above-header-display":"","ast-hfb-below-header-display":"","ast-hfb-mobile-header-display":"","site-post-title":"disabled","ast-breadcrumbs-content":"","ast-featured-img":"","footer-sml-layout":"","theme-transparent-header-meta":"enabled","adv-header-id-meta":"","stick-header-meta":"","header-above-stick-meta":"","header-main-stick-meta":"","header-below-stick-meta":""},"_links":{"self":[{"href":"https:\/\/celestino.adv.br\/index.php\/wp-json\/wp\/v2\/pages\/804"}],"collection":[{"href":"https:\/\/celestino.adv.br\/index.php\/wp-json\/wp\/v2\/pages"}],"about":[{"href":"https:\/\/celestino.adv.br\/index.php\/wp-json\/wp\/v2\/types\/page"}],"author":[{"embeddable":true,"href":"https:\/\/celestino.adv.br\/index.php\/wp-json\/wp\/v2\/users\/1"}],"replies":[{"embeddable":true,"href":"https:\/\/celestino.adv.br\/index.php\/wp-json\/wp\/v2\/comments?post=804"}],"version-history":[{"count":74,"href":"https:\/\/celestino.adv.br\/index.php\/wp-json\/wp\/v2\/pages\/804\/revisions"}],"predecessor-version":[{"id":1322,"href":"https:\/\/celestino.adv.br\/index.php\/wp-json\/wp\/v2\/pages\/804\/revisions\/1322"}],"wp:attachment":[{"href":"https:\/\/celestino.adv.br\/index.php\/wp-json\/wp\/v2\/media?parent=804"}],"curies":[{"name":"wp","href":"https:\/\/api.w.org\/{rel}","templated":true}]}}