{"id":1333,"date":"2023-12-18T16:03:48","date_gmt":"2023-12-18T19:03:48","guid":{"rendered":"https:\/\/celestino.adv.br\/?page_id=1333"},"modified":"2023-12-18T16:06:46","modified_gmt":"2023-12-18T19:06:46","slug":"previdenciario","status":"publish","type":"page","link":"https:\/\/celestino.adv.br\/index.php\/previdenciario\/","title":{"rendered":"Previdenciario"},"content":{"rendered":"\t\t<div data-elementor-type=\"wp-page\" data-elementor-id=\"1333\" class=\"elementor elementor-1333\">\n\t\t\t\t\t\t\t\t\t<section class=\"elementor-section elementor-top-section elementor-element elementor-element-511aced elementor-section-boxed elementor-section-height-default elementor-section-height-default\" data-id=\"511aced\" data-element_type=\"section\" data-settings=\"{&quot;background_background&quot;:&quot;gradient&quot;}\">\n\t\t\t\t\t\t\t<div class=\"elementor-background-overlay\"><\/div>\n\t\t\t\t\t\t\t<div class=\"elementor-container elementor-column-gap-default\">\n\t\t\t\t\t<div class=\"elementor-column elementor-col-100 elementor-top-column elementor-element elementor-element-52dd8bd\" data-id=\"52dd8bd\" data-element_type=\"column\">\n\t\t\t<div class=\"elementor-widget-wrap elementor-element-populated\">\n\t\t\t\t\t\t\t\t<div class=\"elementor-element elementor-element-b5d84f3 elementor-widget elementor-widget-heading\" data-id=\"b5d84f3\" data-element_type=\"widget\" data-widget_type=\"heading.default\">\n\t\t\t\t<div class=\"elementor-widget-container\">\n\t\t\t<h1 class=\"elementor-heading-title elementor-size-default\">Previdenci\u00e1rio<\/h1>\t\t<\/div>\n\t\t\t\t<\/div>\n\t\t\t\t\t<\/div>\n\t\t<\/div>\n\t\t\t\t\t\t\t<\/div>\n\t\t<\/section>\n\t\t\t\t<section class=\"elementor-section elementor-top-section elementor-element elementor-element-bbff63f elementor-section-boxed elementor-section-height-default elementor-section-height-default\" data-id=\"bbff63f\" data-element_type=\"section\">\n\t\t\t\t\t\t<div class=\"elementor-container elementor-column-gap-default\">\n\t\t\t\t\t<div class=\"elementor-column elementor-col-100 elementor-top-column elementor-element elementor-element-258b93b\" data-id=\"258b93b\" data-element_type=\"column\">\n\t\t\t<div class=\"elementor-widget-wrap elementor-element-populated\">\n\t\t\t\t\t\t\t\t<div class=\"elementor-element elementor-element-6b2af6e elementor-widget elementor-widget-heading\" data-id=\"6b2af6e\" data-element_type=\"widget\" data-widget_type=\"heading.default\">\n\t\t\t\t<div class=\"elementor-widget-container\">\n\t\t\t<h2 class=\"elementor-heading-title elementor-size-default\">Nossos servi\u00e7os<\/h2>\t\t<\/div>\n\t\t\t\t<\/div>\n\t\t\t\t<div class=\"elementor-element elementor-element-b985bdc elementor-widget elementor-widget-text-editor\" data-id=\"b985bdc\" data-element_type=\"widget\" data-widget_type=\"text-editor.default\">\n\t\t\t\t<div class=\"elementor-widget-container\">\n\t\t\t\t\t\t\t<ul><li>\u00a0Consulta Jur\u00eddica Previdenci\u00e1ria\u00a0<\/li><li>Planejamento Previdenci\u00e1rio \u2013 A \u00fanica op\u00e7\u00e3o para a melhor condi\u00e7\u00e3o de aposentadoria poss\u00edvel no INSS.<\/li><li>C\u00e1lculos previdenci\u00e1rios<\/li><li>Requerimento de Aposentadoria no INSS<\/li><li>Aposentadoria do Servidor P\u00fablico\u00a0<\/li><li>Aposentadoria do Professor\u00a0<\/li><li>Mandado de Seguran\u00e7a<\/li><li>Processos administrativos<\/li><li>Diagn\u00f3stico de Revis\u00f5es\u00a0<\/li><li>Revis\u00e3o da Vida toda\u00a0<\/li><li>Processo Judicial\u00a0<\/li><li>Aux\u00edlio \u2013 Doen\u00e7a\u00a0<\/li><li>Pens\u00e3o por morte\u00a0<\/li><li>BPC\/LOAS<\/li><li>Per\u00edcia m\u00e9dica\u00a0<\/li><li>Recursos judiciais<\/li><\/ul>\t\t\t\t\t\t<\/div>\n\t\t\t\t<\/div>\n\t\t\t\t\t<\/div>\n\t\t<\/div>\n\t\t\t\t\t\t\t<\/div>\n\t\t<\/section>\n\t\t\t\t\t\t\t<\/div>\n\t\t","protected":false},"excerpt":{"rendered":"<p>Previdenci\u00e1rio Nossos servi\u00e7os &nbsp;Consulta Jur\u00eddica Previdenci\u00e1ria&nbsp; Planejamento Previdenci\u00e1rio \u2013 A \u00fanica op\u00e7\u00e3o para a melhor condi\u00e7\u00e3o de aposentadoria poss\u00edvel no INSS. C\u00e1lculos previdenci\u00e1rios Requerimento de Aposentadoria no INSS Aposentadoria do Servidor P\u00fablico&nbsp; Aposentadoria do Professor&nbsp; Mandado de Seguran\u00e7a Processos administrativos Diagn\u00f3stico de Revis\u00f5es&nbsp; Revis\u00e3o da Vida toda&nbsp; Processo Judicial&nbsp; Aux\u00edlio \u2013 Doen\u00e7a&nbsp; Pens\u00e3o por morte&nbsp; &hellip;<\/p>\n<p class=\"read-more\"> <a class=\"\" href=\"https:\/\/celestino.adv.br\/index.php\/previdenciario\/\"> <span class=\"screen-reader-text\">Previdenciario<\/span> Leia mais &raquo;<\/a><\/p>\n","protected":false},"author":1,"featured_media":0,"parent":0,"menu_order":0,"comment_status":"closed","ping_status":"closed","template":"","meta":{"site-sidebar-layout":"no-sidebar","site-content-layout":"page-builder","ast-global-header-display":"","ast-main-header-display":"","ast-hfb-above-header-display":"","ast-hfb-below-header-display":"","ast-hfb-mobile-header-display":"","site-post-title":"disabled","ast-breadcrumbs-content":"","ast-featured-img":"disabled","footer-sml-layout":"","theme-transparent-header-meta":"","adv-header-id-meta":"","stick-header-meta":"","header-above-stick-meta":"","header-main-stick-meta":"","header-below-stick-meta":""},"_links":{"self":[{"href":"https:\/\/celestino.adv.br\/index.php\/wp-json\/wp\/v2\/pages\/1333"}],"collection":[{"href":"https:\/\/celestino.adv.br\/index.php\/wp-json\/wp\/v2\/pages"}],"about":[{"href":"https:\/\/celestino.adv.br\/index.php\/wp-json\/wp\/v2\/types\/page"}],"author":[{"embeddable":true,"href":"https:\/\/celestino.adv.br\/index.php\/wp-json\/wp\/v2\/users\/1"}],"replies":[{"embeddable":true,"href":"https:\/\/celestino.adv.br\/index.php\/wp-json\/wp\/v2\/comments?post=1333"}],"version-history":[{"count":5,"href":"https:\/\/celestino.adv.br\/index.php\/wp-json\/wp\/v2\/pages\/1333\/revisions"}],"predecessor-version":[{"id":1339,"href":"https:\/\/celestino.adv.br\/index.php\/wp-json\/wp\/v2\/pages\/1333\/revisions\/1339"}],"wp:attachment":[{"href":"https:\/\/celestino.adv.br\/index.php\/wp-json\/wp\/v2\/media?parent=1333"}],"curies":[{"name":"wp","href":"https:\/\/api.w.org\/{rel}","templated":true}]}}